-3*t + 11. Let o = t + q. List the prime factors of o.
5
Let z(x) = x**2 - 7*x + 4. What are the prime factors of z(8)?
2, 3
Let w = -23 + 14. Let f = w + 25. Suppose 5*d + 4*m - 24 = 0, -5*m = -4*d - 5 + f. What are the prime factors of d?
2
Let o be 2 - (1/(-1) - 0). Suppose -5 = r - o. What are the prime factors of (r - -2) + -2 + 6?
2
Suppose 7 = 5*c + 3*a, 0 = -3*c - 2*c + a + 11. What are the prime factors of (-2)/c - 0 - -13?
2, 3
Suppose 3*x = -0*a - a + 314, 5*x - 524 = -2*a. List the prime factors of x.
2, 13
Let z(d) = 7*d**2 - d + 3. Let c(y) = 15*y**2 - 2*y + 5. Let v(a) = 3*c(a) - 5*z(a). What are the prime factors of v(1)?
3
Let n be (0 - 0) + 0/(-4). Suppose 3*v - 3*m + 7*m - 56 = 0, n = 4*v + 2*m - 88. Let w = v + -14. What are the prime factors of w?
2, 5
Suppose m = 5*m. Suppose m = 3*d + 3*c - 12, 4*c = d - 3*d + 10. Suppose v + d*k - 15 = -0*v, 0 = -2*v + 4*k + 10. List the prime factors of v.
3
Let w = -9 + 13. Suppose -4*v = w*o, -12 = -o - 4*v - 3. What are the prime factors of ((-4)/o)/((-4)/(-6))?
2
Let y = -91 + 163. What are the prime factors of y?
2, 3
Let m(c) = 9*c. What are the prime factors of m(3)?
3
Let g(v) = -v**2 + 2*v + 3. Let f be g(3). Suppose f = 5*l - 4*a - 367, a - 15 = 6*a. Suppose 3*k + y = 55, -3*k + 0*k = 5*y - l. List the prime factors of k.
17
Let k be 1/(-4) + (-894)/(-24). Let x = k + -17. What are the prime factors of x?
2, 5
Let m(h) = h**3 - 5*h**2 - 5*h - 4. Let g be 4/8 - (-22)/4. Let d be g + 9/(-3) - -3. What are the prime factors of m(d)?
2
Let d be 1/((-1)/(-34*1)). Suppose 0 = -3*m + a + 54, m + 8*a = 3*a + d. What are the prime factors of m?
19
What are the prime factors of (-183)/(-15) - 3/15?
2, 3
What are the prime factors of -2*-134*4/16?
67
Let i(g) = 57*g**2 + 2*g - 2. What are the prime factors of i(1)?
3, 19
Suppose -3*n + 4 + 8 = 0. Suppose 4*y = n*m + 4 + 4, -y = -2*m - 1. List the prime factors of y.
3
Let z(s) = s**3 - 9*s**2 + s - 10. Let b be z(9). List the prime factors of 4 + b - 14/(-1).
17
Let o be (18/4 + -2)*90. Suppose -9*w + o = -12*w. Let g = -52 - w. List the prime factors of g.
23
Let k = 52 - 9. List the prime factors of k.
43
Let j = -4 + -11. Let x = j + 38. List the prime factors of x.
23
Let k(t) = 2*t + 5. Let i = -1 + 0. Let z = i + 5. What are the prime factors of k(z)?
13
Let l = -15 + 18. Suppose l*n - 38 = 22. List the prime factors of n.
2, 5
Suppose 73 = -3*m + 7. What are the prime factors of m/(-2) - (-4 - -6)?
3
What are the prime factors of (-196)/(-6) + (-34)/51?
2
Let x be 10/6 + (-1)/(-3). Suppose -33 = -x*l - l. What are the prime factors of l?
11
Suppose -3 - 1 = s. Let u be 1 - s/(4/3). Suppose 21 = u*c - 3. What are the prime factors of c?
2, 3
Suppose 1 = 3*s + 4. Let j be s*(-4 - -2)/1. Let k = 9 - j. What are the prime factors of k?
7
Let i(v) = 2*v**3 + v**2 + 4*v - 3. Let x be i(2). List the prime factors of (-2)/(-5) + 690/x.
2, 7
Let y(t) = -1. Let v(n) = -n + 4. Let w(i) = -v(i) - 2*y(i). List the prime factors of w(4).
2
Let r(f) = f**2 + 3*f + 9. What are the prime factors of r(-7)?
37
Let b be -7 + 1 - (3 + -3). Let p = 15 + b. List the prime factors of p.
3
Suppose 3*j - 8*j + 40 = 0. What are the prime factors of j?
2
Let a = 72 - 40. What are the prime factors of a?
2
Let w = -8 - -5. What are the prime factors of ((-14)/(-6))/(w/(-9))?
7
Suppose 20 = -2*b - 4*d + 110, -3*b - 2*d = -135. What are the prime factors of b?
3, 5
Let k be 6/(-2) - -1*41. Suppose a - 17 = 4*s, -a - 2*s = s - k. Suppose -m + 18 = -t + 4*t, -5*t - 2*m = -a. List the prime factors of t.
7
Let s = 82 - 12. What are the prime factors of s?
2, 5, 7
Let u = -24 - -23. Let s = u - -8. What are the prime factors of s?
7
Let i = -3 + 6. Suppose i = a - 3. Suppose -a = -5*z + 59. List the prime factors of z.
13
Let f(n) = n**3 - 9*n**2 + 13*n - 9. What are the prime factors of f(8)?
31
Suppose -78 = -3*d - j - 17, -j = 5*d - 103. List the prime factors of d.
3, 7
Let q(m) = -3 - 3*m**2 + 4*m**2 + 7. List the prime factors of q(-3).
13
Let x = 328 - -38. List the prime factors of x.
2, 3, 61
Let o(t) = 12*t + 7. Let v be o(5). Suppose 3*a - 11 = v. List the prime factors of a.
2, 13
Let b = -48 + 32. Let w = 0 - b. What are the prime factors of w?
2
List the prime factors of 6/(-2) - (-50 - (-8 - -4)).
43
Let w be (2/(-4))/((-1)/8). Suppose 3*d - 2*b - 31 = -w*b, 5*d - 43 = b. Suppose 0*f + 5*m = f - 3, 3*f = 2*m + d. List the prime factors of f.
3
Let r be (-27)/(1 - (-15)/(-6)). Suppose -f = 4*j - r, 4*f + 0*j = -5*j + 39. What are the prime factors of 82/f + (-6)/(-18)?
2, 7
Let w = 52 - 50. List the prime factors of w.
2
List the prime factors of 135/(-2)*(-24)/36.
3, 5
Let i = 159 + -7. What are the prime factors of i?
2, 19
Let a(b) = -9*b**2 + 5*b + b**3 + 1 + 4*b + 0. Let p be a(8). What are the prime factors of (-3)/p + 37/3?
2, 3
Suppose 3*p - 36 = 2*d - d, 5*p - 5*d = 60. What are the prime factors of ((-1)/2)/(p/(-288))?
2, 3
Let z(q) = -3*q**3 + q**2 - 1. List the prime factors of z(-2).
3
Let t = -6 + 26. List the prime factors of t.
2, 5
Let q = -57 - -108. Let o be q/15 + (-4)/10. Suppose -13 = -o*y + 8. What are the prime factors of y?
7
What are the prime factors of 2/6 - (-136)/24?
2, 3
Let z = -57 + 112. Let l = -35 + z. List the prime factors of l.
2, 5
Let g(k) = 21*k**2 + 3*k - 4. List the prime factors of g(-2).
2, 37
Let n be (-8)/(-10)*(4 - -11). Suppose 0*m = -4*m + n. List the prime factors of m.
3
Suppose -5*o - 3 = -18. Suppose 6*f = -5*a + o*f + 61, 0 = 2*a - 2*f - 18. What are the prime factors of a?
11
Suppose 0 = 5*z - 5*u - 170 - 50, u + 3 = 0. Suppose -2*i + z + 13 = 0. What are the prime factors of i?
3
Let z = 424 - 208. Suppose 3*n + 70 - z = -2*p, -4*p = 3*n - 136. What are the prime factors of n?
2, 13
Suppose 5*x + 3*r = 1129, 2*r - 4 = 4*r. List the prime factors of x.
227
Suppose 2*j = -2*j + 28. Suppose 10 = a - j. What are the prime factors of a?
17
Let h = -10 + 5. List the prime factors of h*(28/20 + -2).
3
Let p(q) = 9*q**2 + 2*q - 2. List the prime factors of p(2).
2, 19
Let n be (2 + -2 + 8)/2. Let q = n - 5. List the prime factors of (-8)/q - (-3 - -4).
7
Suppose -5*t = -23 - 2. List the prime factors of t.
5
Suppose -2*t + 11*t - 2025 = 0. List the prime factors of t.
3, 5
Let x(b) = 2*b**2 + 4*b - 3. Let g(m) = m + 3. Let l be g(-7). Let i be x(l). Suppose -5*z + 22 + i = 0. List the prime factors of z.
7
Suppose -4*y = -2*y - 146. Let f = 103 - y. Suppose 3*d - f = -2*a, 3*a = 3*d + d + 11. List the prime factors of a.
3
Let v be 9/6*(-4)/6. Let t be -1*(-1 - v - 1). What are the prime factors of (t*21)/3*1?
7
Let v(x) = -6*x - 17. List the prime factors of v(-7).
5
Suppose 4*c - 257 = 3*c. List the prime factors of c.
257
Let u = 10 + -14. Let d be (u/(-2))/(2/(-11)). Let h = -4 - d. What are the prime factors of h?
7
Let c be -1*(3 - -2)*-1. Let x be 50/c*4/10. Suppose o - 19 = -3*d, -o + x = -5*d + 1. List the prime factors of o.
13
Let o(t) = t + 3. Let p be (9 - -1)*3/(-6). Let b be o(p). What are the prime factors of (0 - (b - 1)) + 14?
17
What are the prime factors of (-1)/(3/(-1)) - 236/(-3)?
79
Let m = 5 - -1. Suppose a = -0*a - m. What are the prime factors of 15/2 - (-3)/a?
7
Let f(c) = c - 1. Let u be f(2). Suppose -5*t + 56 = u. List the prime factors of t.
11
Let q(z) be the first derivative of 3*z**2/2 + 1. List the prime factors of q(7).
3, 7
Let f(u) = 9*u**3 - 2*u - 1. Let w be f(-1). Let x = 0 - 2. List the prime factors of w/x + 2 + -2.
2
Let m(v) = -23*v**3 - 3*v**2 - 3*v + 1. Let d(r) = -r**3 - r**2 - r. Let w(k) = -4*d(k) + m(k). List the prime factors of w(-1).
2, 5
Let b be (-2 + 2)/2 + 1. Let q(t) = 5*t**3 + t**2 - 1. Let j be q(b). Suppose 2*y = -a - 1, -y = -0*y - j*a - 27. What are the prime factors of y?
2
Suppose -o = -2*a + 4*o + 126, a - 56 = -o. Let g = a - 37. What are the prime factors of g?
3, 7
Let s(u) = 2*u**2 - u. Let a = -5 - -4. Let m be s(a). Suppose 12 = r + 2*r, -2*h + 2 = -m*r. List the prime factors of h.
7
Suppose -d = 2*d - 2*x - 9, -2*d - 7 = 3*x. Let n be 20 - (2/d)/(-2). Suppose 0 = -5*h + n + 34. List the prime factors of h.
11
Suppose -3*m = m - 16. Suppose m - 2 = v. List the prime factors of v.
2
Suppose 0 = -0*p + 3*p - 261. What are the 